{"id":305,"date":"2023-11-24T14:34:39","date_gmt":"2023-11-24T14:34:39","guid":{"rendered":"https:\/\/ma-spa.de\/?page_id=305"},"modified":"2024-12-29T10:57:16","modified_gmt":"2024-12-29T09:57:16","slug":"food-drinks","status":"publish","type":"page","link":"https:\/\/ma-spa.de\/?page_id=305","title":{"rendered":"Getr\u00e4nke &#038; Snacks"},"content":{"rendered":"\n<div class=\"wp-block-group has-heading-color-color has-background-alt-background-color has-text-color has-background is-layout-constrained wp-block-group-is-layout-constrained\" style=\"padding-top:0;padding-right:0;padding-bottom:0;padding-left:0\">\n<div class=\"wp-block-group has-heading-color-color has-background-alt-background-color has-text-color has-background is-layout-constrained wp-block-group-is-layout-constrained\" style=\"padding-top:0;padding-right:0;padding-bottom:0;padding-left:0\">\n<div class=\"wp-block-group has-heading-color-color has-background-alt-background-color has-text-color has-background is-layout-constrained wp-block-group-is-layout-constrained\" style=\"padding-top:0;padding-right:0;padding-bottom:0;padding-left:0\">\n<div class=\"wp-block-group has-heading-color-color has-background-alt-background-color has-text-color has-background is-layout-constrained wp-block-group-is-layout-constrained\" style=\"padding-top:0;padding-right:0;padding-bottom:0;padding-left:0\">\n<div class=\"wp-block-group has-heading-color-color has-background-alt-background-color has-text-color has-background is-layout-constrained wp-block-group-is-layout-constrained\" style=\"padding-top:0;padding-right:0;padding-bottom:0;padding-left:0\">\n<div class=\"wp-block-group has-heading-color-color has-background-alt-background-color has-text-color has-background is-layout-constrained wp-block-group-is-layout-constrained\" style=\"padding-top:0;padding-right:0;padding-bottom:0;padding-left:0\">\n<div class=\"wp-block-group has-heading-color-color has-background-alt-background-color has-text-color has-background is-layout-constrained wp-block-group-is-layout-constrained\" style=\"padding-top:0;padding-right:0;padding-bottom:0;padding-left:0\">\n<div class=\"wp-block-group has-heading-color-color has-background-alt-background-color has-text-color has-background is-layout-constrained wp-block-group-is-layout-constrained\" style=\"padding-top:0;padding-right:0;padding-bottom:0;padding-left:0\">\n<div class=\"wp-block-group has-heading-color-color has-background-alt-background-color has-text-color has-background is-layout-constrained wp-block-group-is-layout-constrained\" style=\"padding-top:0;padding-right:0;padding-bottom:0;padding-left:0\">\n<div class=\"wp-block-group has-heading-color-color has-background-alt-background-color has-text-color has-background is-layout-constrained wp-block-group-is-layout-constrained\" style=\"padding-top:0;padding-right:0;padding-bottom:0;padding-left:0\">\n<div class=\"wp-block-group has-heading-color-color has-background-alt-background-color has-text-color has-background is-layout-constrained wp-block-group-is-layout-constrained\" style=\"padding-top:0;padding-right:0;padding-bottom:0;padding-left:0\">\n<div class=\"wp-block-cover is-light\" style=\"padding-top:var(--wp--preset--spacing--80);padding-right:var(--wp--preset--spacing--30);padding-bottom:var(--wp--preset--spacing--80);padding-left:var(--wp--preset--spacing--40)\"><span aria-hidden=\"true\" class=\"wp-block-cover__background has-background-dim-0 has-background-dim\"><\/span><div class=\"wp-block-cover__inner-container is-layout-flow wp-block-cover-is-layout-flow\">\n<div class=\"wp-block-group is-layout-constrained wp-container-core-group-layout-3 wp-block-group-is-layout-constrained\" style=\"padding-top:var(--wp--preset--spacing--50)\">\n<div class=\"wp-block-columns is-layout-flex wp-container-core-columns-layout-1 wp-block-columns-is-layout-flex\">\n<div class=\"wp-block-column is-layout-flow wp-block-column-is-layout-flow\">\n<h1 class=\"wp-block-heading has-custom-schwarz-color has-text-color\" style=\"margin-top:var(--wp--preset--spacing--40);font-size:48px;font-style:normal;font-weight:600\">Getr\u00e4nke &amp; Snacks<\/h1>\n\n\n\n<p style=\"font-size:18px;line-height:1.5\">Zur Erholung geh\u00f6rt auch Genuss: Zus\u00e4tzlich zu Leitungswasser, Kaffee und Tee, die bei uns inklusive sind, bieten wir euch eine gro\u00dfe Auswahl verschiedener alkoholischer und nicht-alkoholischer Getr\u00e4nke sowie eine kleine Auswahl leckerer Snacks an. Nat\u00fcrlich bezahlt ihr nur, was ihr auch konsumiert habt. Gerne k\u00f6nnt ihr euch auch etwas von den K\u00f6stlichkeiten mitnehmen. <br><br>Da sich unser Angebot je nach Verf\u00fcgbarkeit und Abnahme leicht \u00e4ndern kann, stellen wir euch hier unsere aktuelle Gesamtauswahl als Karte zur Verf\u00fcgung. <\/p>\n\n\n\n<div class=\"wp-block-buttons is-layout-flex wp-block-buttons-is-layout-flex\">\n<div class=\"wp-block-button\"><a class=\"wp-block-button__link wp-element-button\" href=\"https:\/\/ma-spa.de\/wp-content\/uploads\/2024\/12\/Ma-Spa-GetraenkeSnacks.pdf\" target=\"_blank\" rel=\"noreferrer noopener\">Gesamte Auswahl ansehen<\/a><\/div>\n\n\n<\/div>\n<\/div>\n\n\n\n<div class=\"wp-block-column is-layout-flow wp-block-column-is-layout-flow\">\n<p class=\"has-foreground-color has-text-color\" style=\"font-size:18px;line-height:1.5\"><\/p>\n\n\n\n<div class=\"wp-block-group is-style-fotawp-boxshadow-hover has-border-color has-custom-sandgrau-border-color has-primary-background-color has-background is-layout-constrained wp-block-group-is-layout-constrained\" style=\"border-width:2px;border-radius:10px;padding-top:var(--wp--preset--spacing--60);padding-right:var(--wp--preset--spacing--60);padding-bottom:var(--wp--preset--spacing--60);padding-left:var(--wp--preset--spacing--60)\">\n<div class=\"wp-block-group is-vertical is-layout-flex wp-container-core-group-layout-1 wp-block-group-is-layout-flex\">\n<h6 class=\"wp-block-heading has-heading-color-color has-text-color has-medium-font-size\" style=\"font-style:normal;font-weight:600\">Inklusivleistungen<\/h6>\n\n\n\n<p class=\"has-foreground-color has-text-color\" style=\"font-size:18px;line-height:1.5\">Gefiltertes und entkalktes Leitungswasser, hochwertiger Bio-Tee und leckerer Kaffee sind bei uns Inklusivleistungen. Genie\u00dft davon w\u00e4hrend eurem Aufenthalt was und so viel ihr m\u00f6chtet. <\/p>\n\n\n\n<details class=\"wp-block-details is-layout-flow wp-block-details-is-layout-flow\" style=\"font-size:18px;line-height:1.5\"><summary>Tee-Auswahl<\/summary>\n<p>Alle Tees beziehen wir von BESSER IM GLAS. Zu unserem Standardsortiment geh\u00f6ren Superfruit (Fr\u00fcchtetee aus ganzen Fr\u00fcchten), Prinz Minz (Minztee aus 3 Minzsorten), Kr\u00e4uterbeet (ein klassischer Kr\u00e4utertee), Schwarztee (aus Assam), Rooibustraum und der Wachmacher (Gr\u00fcntee mit Guarana und Matcha). <\/p>\n<\/details>\n\n\n\n<details class=\"wp-block-details is-layout-flow wp-block-details-is-layout-flow\" style=\"font-size:18px;line-height:1.5\"><summary>Kaffee-Auswahl<\/summary>\n<p>Den Kaffee beziehen wir \u00fcber Nespresso. Zu unserem Standardsortiment geh\u00f6ren verschiedene Sorten Espresso und Lungo. Ein Milchaufsch\u00e4umer steht euch nat\u00fcrlich ebenfalls zur Verf\u00fcgung.<\/p>\n<\/details>\n<\/div>\n<\/div>\n<\/div>\n<\/div>\n<\/div>\n\n\n\n<div class=\"wp-block-group is-layout-constrained wp-container-core-group-layout-12 wp-block-group-is-layout-constrained\" style=\"padding-top:var(--wp--preset--spacing--30);padding-bottom:var(--wp--preset--spacing--30)\">\n<div style=\"height:40px\" aria-hidden=\"true\" class=\"wp-block-spacer\"><\/div>\n\n\n\n<h2 class=\"wp-block-heading has-custom-schwarz-color has-text-color has-link-color wp-elements-29a151d56b1fd58ccce956bbee923e5e\">Getr\u00e4nke<\/h2>\n\n\n\n<div class=\"wp-block-columns is-layout-flex wp-container-core-columns-layout-6 wp-block-columns-is-layout-flex\">\n<div class=\"wp-block-column is-layout-flow wp-block-column-is-layout-flow\">\n<div class=\"wp-block-group is-style-fotawp-boxshadow-hover has-border-color has-custom-sandgrau-border-color has-background-background-color has-background is-layout-constrained wp-block-group-is-layout-constrained\" style=\"border-width:2px;border-radius:10px;padding-top:var(--wp--preset--spacing--60);padding-right:var(--wp--preset--spacing--60);padding-bottom:var(--wp--preset--spacing--60);padding-left:var(--wp--preset--spacing--60)\">\n<div class=\"wp-block-columns is-layout-flex wp-container-core-columns-layout-3 wp-block-columns-is-layout-flex\">\n<div class=\"wp-block-column is-layout-flow wp-block-column-is-layout-flow\" style=\"flex-basis:100%\">\n<div class=\"wp-block-group is-vertical is-layout-flex wp-container-core-group-layout-5 wp-block-group-is-layout-flex\" style=\"padding-top:0;padding-bottom:0\">\n<h6 class=\"wp-block-heading has-heading-color-color has-text-color has-medium-font-size\" style=\"font-style:normal;font-weight:600\">Alkoholfreie Getr\u00e4nke<\/h6>\n\n\n\n<p class=\"has-foreground-color has-text-color\" style=\"font-size:18px;line-height:1.5\">Alkoholfrei bieten wir euch Wasser und Milch, Cola, verschiedene Limos und Schorlen sowie Bier an.<\/p>\n\n\n\n<div class=\"wp-block-columns are-vertically-aligned-center is-layout-flex wp-container-core-columns-layout-2 wp-block-columns-is-layout-flex\">\n<div class=\"wp-block-column is-vertically-aligned-center is-layout-flow wp-block-column-is-layout-flow\" style=\"flex-basis:100%\">\n<div class=\"wp-block-group is-layout-constrained wp-block-group-is-layout-constrained\">\n<details class=\"wp-block-details alignfull is-layout-flow wp-container-core-details-layout-3 wp-block-details-is-layout-flow\" style=\"border-style:none;border-width:0px;font-size:18px;line-height:1.5\"><summary>Wasser &amp; Milch<\/summary>\n<p>Unser Wasser kommt von Viva con Aqua. Wir haben lautes (mit Kohlens\u00e4ure) und leises (stilles Mineralwasser). Kuhmilch gibt&#8217;s von Weihenstephan und Hafermilch von Oatly steht auch zur Verf\u00fcgung.<\/p>\n<\/details>\n\n\n\n<details class=\"wp-block-details alignfull is-layout-flow wp-container-core-details-layout-4 wp-block-details-is-layout-flow\" style=\"border-style:none;border-width:0px;font-size:18px;line-height:1.5\"><summary>Cola\/Limo\/Schorle<\/summary>\n<p>Cola ist die echte <a href=\"https:\/\/www.coca-cola.com\/de\/de\/brands\/brand-coca-cola\" target=\"_blank\" rel=\"noreferrer noopener\">Coca Cola<\/a> oder <a href=\"https:\/\/www.coca-cola.com\/de\/de\/brands\/coca-cola-zero-sugar\" target=\"_blank\" rel=\"noreferrer noopener\">Coca-Cola Zero (Sugar)<\/a>.<br>Bio-Eistee von ChariTea, Limos und Schorlen gibt&#8217;s von Proviant.<\/p>\n<\/details>\n\n\n\n<details class=\"wp-block-details alignfull is-layout-flow wp-container-core-details-layout-5 wp-block-details-is-layout-flow\" style=\"border-style:none;border-width:0px;font-size:18px;line-height:1.5\"><summary>Bier<\/summary>\n<p>Bei uns gibt&#8217;s <a href=\"https:\/\/www.welde.de\/gebrautes\/alkoholfrei\/no1-slow-beer-pils-alkoholfrei\/\" target=\"_blank\" rel=\"noreferrer noopener\">Welde Slow Beer Pils<\/a> und <a href=\"https:\/\/www.welde.de\/gebrautes\/alkoholfrei\/naturradler-alkoholfrei\/\" target=\"_blank\" rel=\"noreferrer noopener\">Naturradler <\/a>alkoholfrei.<\/p>\n<\/details>\n<\/div>\n<\/div>\n<\/div>\n<\/div>\n<\/div>\n<\/div>\n<\/div>\n<\/div>\n\n\n\n<div class=\"wp-block-column is-layout-flow wp-block-column-is-layout-flow\">\n<div class=\"wp-block-group is-style-fotawp-boxshadow-hover has-border-color has-custom-sandgrau-border-color has-background-background-color has-background is-layout-constrained wp-block-group-is-layout-constrained\" style=\"border-width:2px;border-radius:10px;padding-top:var(--wp--preset--spacing--60);padding-right:var(--wp--preset--spacing--60);padding-bottom:var(--wp--preset--spacing--60);padding-left:var(--wp--preset--spacing--60)\">\n<div class=\"wp-block-columns is-layout-flex wp-container-core-columns-layout-5 wp-block-columns-is-layout-flex\">\n<div class=\"wp-block-column is-layout-flow wp-block-column-is-layout-flow\" style=\"flex-basis:100%\">\n<div class=\"wp-block-group is-vertical is-layout-flex wp-container-core-group-layout-8 wp-block-group-is-layout-flex\" style=\"padding-top:0;padding-bottom:0\">\n<h6 class=\"wp-block-heading has-heading-color-color has-text-color has-medium-font-size\" style=\"font-style:normal;font-weight:600\">Alkoholische Getr\u00e4nke<\/h6>\n\n\n\n<p class=\"has-foreground-color has-text-color\" style=\"font-size:18px;line-height:1.5\">Unsere alkoholische Auswahl beinhaltet Bier, tolle Weine, Sekt, Prosecco, Champagner und verschiedene leckere Aperitifs.<\/p>\n\n\n\n<div class=\"wp-block-columns are-vertically-aligned-center is-layout-flex wp-container-core-columns-layout-4 wp-block-columns-is-layout-flex\">\n<div class=\"wp-block-column is-vertically-aligned-center is-layout-flow wp-block-column-is-layout-flow\" style=\"flex-basis:100%\">\n<div class=\"wp-block-group is-layout-constrained wp-block-group-is-layout-constrained\">\n<details class=\"wp-block-details alignfull is-layout-flow wp-container-core-details-layout-6 wp-block-details-is-layout-flow\" style=\"border-style:none;border-width:0px;font-size:18px;line-height:1.5\"><summary>Bier<\/summary>\n<p>Bei uns gibt&#8217;s <a href=\"https:\/\/www.welde.de\/gebrautes\/klassiker\/no1-slow-beer-pils\/\" target=\"_blank\" rel=\"noreferrer noopener\">Welde No1 Slow Beer Pils<\/a> und <a href=\"https:\/\/www.welde.de\/gebrautes\/klassiker\/naturradler\/\" target=\"_blank\" rel=\"noreferrer noopener\">Naturradler<\/a>.<\/p>\n<\/details>\n\n\n\n<details class=\"wp-block-details alignfull is-layout-flow wp-container-core-details-layout-7 wp-block-details-is-layout-flow\" style=\"border-style:none;border-width:0px;font-size:18px;line-height:1.5\"><summary>Weine<\/summary>\n<p>Wir bieten Euch verschiedene Wei\u00dfweine aus Pf\u00e4lzer Weing\u00fctern wie z.B. Bassermann Jordan, Knipser sowie Dr. B\u00fcrklin Wolf an. Zudem haben wir einen spritzigen Vinho Verde aus Portugal. <br>Als Ros\u00e9 bieten wir Euch die &#8222;<a href=\"https:\/\/shop.weingut-knipser.de\/wein\/2022-rose-clarette-weingut-knipser-gbr-cabernet-sauvignon-deutscher-qualitaetswein\" target=\"_blank\" rel=\"noreferrer noopener\">Clarette<\/a>&#8220; vom Weingut Knipser an.<\/p>\n<\/details>\n\n\n\n<details class=\"wp-block-details alignfull is-layout-flow wp-container-core-details-layout-8 wp-block-details-is-layout-flow\" style=\"border-style:none;border-width:0px;font-size:18px;line-height:1.5\"><summary>Sekt, Prosecco &amp; Champagner<\/summary>\n<p>Als kleine Erfrischung haben wir kleine (0,2l) Proseccoflaschen von Zonin im Angebot. Wer mehr will (0,75l) probiert den Rieslingsekt von <a href=\"https:\/\/www.bauerwein.de\/\" target=\"_blank\" rel=\"noopener\" title=\"\">Emil Bauer<\/a> &#8222;I wanna have Riesling Se(x)kt with you&#8220;.<br>F\u00fcr den ganz besonderen Kick bieten wir Euch als Champagner <a href=\"https:\/\/www.moet.com\/de-de\/moet-imperial\" target=\"_blank\" rel=\"noreferrer noopener\">Mo\u00ebt Imp\u00e9rial Brut<\/a> an &#8211; wahlweise in der 0,375l oder in der 0,75l Flasche.<\/p>\n<\/details>\n\n\n\n<details class=\"wp-block-details alignfull is-layout-flow wp-container-core-details-layout-9 wp-block-details-is-layout-flow\" style=\"border-style:none;border-width:0px;font-size:18px;line-height:1.5\"><summary>Aperitif<\/summary>\n<p>Wir haben f\u00fcr Euch Aperol Spritz fertig gemischt sowie Lillet Berry und Tonic im Angebot.<\/p>\n<\/details>\n<\/div>\n<\/div>\n<\/div>\n<\/div>\n<\/div>\n<\/div>\n<\/div>\n<\/div>\n<\/div>\n\n\n\n<div style=\"height:40px\" aria-hidden=\"true\" class=\"wp-block-spacer\"><\/div>\n\n\n\n<h2 class=\"wp-block-heading has-custom-schwarz-color has-text-color has-link-color wp-elements-fc4f30005391bf01318358fe8b66a5ad\">Snacks<\/h2>\n\n\n\n<div class=\"wp-block-group is-style-fotawp-boxshadow-hover has-border-color has-custom-sandgrau-border-color has-background-background-color has-background is-layout-constrained wp-block-group-is-layout-constrained\" style=\"border-width:2px;border-radius:10px;padding-top:var(--wp--preset--spacing--60);padding-right:var(--wp--preset--spacing--60);padding-bottom:var(--wp--preset--spacing--60);padding-left:var(--wp--preset--spacing--60)\">\n<div class=\"wp-block-columns is-layout-flex wp-container-core-columns-layout-7 wp-block-columns-is-layout-flex\">\n<div class=\"wp-block-column is-layout-flow wp-block-column-is-layout-flow\" style=\"flex-basis:100%\">\n<div class=\"wp-block-group is-vertical is-layout-flex wp-container-core-group-layout-10 wp-block-group-is-layout-flex\" style=\"padding-top:0;padding-bottom:0\">\n<h6 class=\"wp-block-heading has-heading-color-color has-text-color has-medium-font-size\" style=\"font-style:normal;font-weight:600\">S\u00fc\u00dfes und Salziges<\/h6>\n\n\n\n<p class=\"has-foreground-color has-text-color\" style=\"font-size:18px;line-height:1.5\">Wir haben wirklich sehr, sehr leckere Kleinigkeiten f\u00fcr euch ausgew\u00e4hlt: Knackfrische <a href=\"https:\/\/patatasrubio.com\/public\/en\/\" target=\"_blank\" rel=\"noreferrer noopener\">Chips <\/a>aus Ibiza und s\u00fcchtig machende Kekse von Lenzi. Auch hier werden wir nicht m\u00fcde werden, noch mehr f\u00fcr euch zu probieren und uns eurem Geschmack anzupassen &#8211; also gerne her mit weiteren Tipps! <\/p>\n<\/div>\n<\/div>\n<\/div>\n<\/div>\n<\/div>\n<\/div><\/div>\n<\/div>\n<\/div>\n<\/div>\n<\/div>\n<\/div>\n<\/div>\n<\/div>\n<\/div>\n<\/div>\n<\/div>\n<\/div>\n","protected":false},"excerpt":{"rendered":"","protected":false},"author":1,"featured_media":0,"parent":0,"menu_order":0,"comment_status":"closed","ping_status":"closed","template":"blank","meta":{"om_disable_all_campaigns":false,"_monsterinsights_skip_tracking":false,"_monsterinsights_sitenote_active":false,"_monsterinsights_sitenote_note":"","_monsterinsights_sitenote_category":0,"footnotes":""},"aioseo_notices":[],"_links":{"self":[{"href":"https:\/\/ma-spa.de\/index.php?rest_route=\/wp\/v2\/pages\/305"}],"collection":[{"href":"https:\/\/ma-spa.de\/index.php?rest_route=\/wp\/v2\/pages"}],"about":[{"href":"https:\/\/ma-spa.de\/index.php?rest_route=\/wp\/v2\/types\/page"}],"author":[{"embeddable":true,"href":"https:\/\/ma-spa.de\/index.php?rest_route=\/wp\/v2\/users\/1"}],"replies":[{"embeddable":true,"href":"https:\/\/ma-spa.de\/index.php?rest_route=%2Fwp%2Fv2%2Fcomments&post=305"}],"version-history":[{"count":38,"href":"https:\/\/ma-spa.de\/index.php?rest_route=\/wp\/v2\/pages\/305\/revisions"}],"predecessor-version":[{"id":1779,"href":"https:\/\/ma-spa.de\/index.php?rest_route=\/wp\/v2\/pages\/305\/revisions\/1779"}],"wp:attachment":[{"href":"https:\/\/ma-spa.de\/index.php?rest_route=%2Fwp%2Fv2%2Fmedia&parent=305"}],"curies":[{"name":"wp","href":"https:\/\/api.w.org\/{rel}","templated":true}]}}